 is -1020000 (base 3) in base 12?
-623
-c35 (base 15) to base 7
-11006
1417 (base 11) to base 13
ab0
-5477 (base 11) to base 16
-1c37
-919 (base 14) to base 2
-11011111011
2013131 (base 5) to base 8
77043
Convert -31231 (base 4) to base 2.
-1101101101
What is 1005 (base 13) in base 15?
9bc
1000 (base 8) to base 3
200222
6354 (base 9) to base 8
11072
Convert -f2e (base 16) to base 14.
-15b8
Convert 6c7 (base 16) to base 9.
2337
What is -4741 (base 8) in base 9?
-3420
What is -9 (base 15) in base 5?
-14
Convert 82 (base 9) to base 3.
2202
-11001 (base 3) to base 10
-109
What is 2220 (base 5) in base 15?
15a
Convert -122002 (base 3) to base 15.
-20b
Convert 19220 (base 10) to base 13.
8996
-20e (base 16) to base 5
-4101
What is 2640 (base 14) in base 3?
100012220
53242 (base 6) to base 2
1110000111010
What is -1201 (base 7) in base 2?
-110111010
What is -422 (base 7) in base 15?
-e2
a473 (base 12) to base 3
220121120
320 (base 7) to base 3
12222
What is -35612 (base 10) in base 8?
-105434
Convert -11001112 (base 3) to base 4.
-232031
Convert 54520 (base 6) to base 12.
4440
What is -410 (base 13) in base 8?
-1261
What is 225603 (base 7) in base 3?
2001110100
Convert -188 (base 10) to base 2.
-10111100
What is -154d (base 16) in base 13?
-2636
-604 (base 15) to base 4
-111022
What is -13636 (base 12) in base 2?
-110100011001010
Convert -100bb (base 13) to base 6.
-340535
-4806 (base 11) to base 4
-1202122
Convert -1344 (base 6) to base 5.
-2402
Convert 1822 (base 14) to base 10.
4342
-36 (base 11) to base 10
-39
8785 (base 15) to base 13
100a9
Convert 989 (base 10) to base 3.
1100122
What is -1372 (base 9) in base 13?
-61a
-313 (base 9) to base 3
-100110
What is 122100200 (base 3) in base 16?
316e
-4243 (base 13) to base 5
-243211
What is 3413 (base 9) in base 6?
15403
What is -1134 (base 6) in base 8?
-422
Convert 3343422 (base 5) to base 9.
100228
What is bab (base 12) in base 4?
122303
Convert -43124 (base 5) to base 7.
-11332
What is 3600 (base 7) in base 2?
10100101011
Convert -76773 (base 8) to base 9.
-48214
-385d (base 14) to base 10
-9883
Convert 200021 (base 5) to base 2.
1100001110101
Convert 11110111101 (base 2) to base 13.
b95
-4 (base 10) to base 2
-100
-2417 (base 8) to base 5
-20140
What is -2599 (base 12) in base 10?
-4293
Convert 1d7 (base 16) to base 6.
2103
-2525 (base 14) to base 5
-202001
What is -10011001 (base 2) in base 15?
-a3
What is f5ef (base 16) in base 6?
1203251
Convert 387a (base 11) to base 16.
13b8
Convert -220011211 (base 3) to base 12.
-a24a
102223 (base 4) to base 16
4ab
-45b2 (base 13) to base 12
-57aa
13213103 (base 4) to base 11
21482
Convert -1124 (base 6) to base 2.
-100001100
11887 (base 10) to base 15
37c7
Convert 34142 (base 5) to base 11.
1902
203232 (base 5) to base 2
1101000100100
What is -306c (base 13) in base 8?
-15031
Convert -20415 (base 10) to base 9.
-31003
75 (base 16) to base 9
140
15648 (base 10) to base 16
3d20
-142224 (base 7) to base 9
-41286
Convert 6223 (base 7) to base 4.
201331
683b (base 13) to base 7
60343
What is 270 (base 12) in base 8?
564
What is 1635 (base 10) in base 12?
b43
What is -14346 (base 7) in base 14?
-1626
Convert 949 (base 13) to base 2.
11000101110
What is -24332 (base 6) in base 16?
-e00
-2121212 (base 3) to base 5
-30123
What is -312032 (base 4) in base 10?
-3470
Convert 7183 (base 11) to base 14.
3689
42b (base 12) to base 15
2ab
Convert 63459 (base 10) to base 8.
173743
What is -804 (base 13) in base 8?
-2514
What is -1661 (base 11) in base 10?
-2124
-2310300 (base 4) to base 3
-120212110
What is -3314 (base 5) in base 4?
-13023
-148c (base 15) to base 16
-1137
What is 20201 (base 4) in base 5?
4140
-102222002 (base 3) to base 2
-10001000010011
-4310302 (base 5) to base 7
-421411
-ce5 (base 16) to base 15
-ea1
-3506 (base 8) to base 5
-24422
Convert -11110000001100 (base 2) to base 8.
-36014
Convert 1213 (base 6) to base 3.
102000
What is c14 (base 14) in base 16?
942
129a (base 16) to base 14
1a42
Convert 20121222 (base 3) to base 11.
36a3
What is 1674 (base 10) in base 9?
2260
-110100110011 (base 2) to base 14
-1335
3b3 (base 14) to base 3
1000121
Convert -51 (base 14) to base 13.
-56
What is -17b (base 14) in base 3?
-102022
What is 1ca6 (base 14) in base 6?
40134
What is -1240 (base 10) in base 6?
-5424
What is 1521 (base 11) in base 14?
9dd
-3056 (base 12) to base 2
-1010010000010
What is -1002042 (base 5) in base 13?
-730b
21404 (base 5) to base 12
a33
Convert -11011100111 (base 2) to base 10.
-1767
3351 (base 6) to base 13
487
Convert 6816 (base 10) to base 5.
204231
What is 111110101100011 (base 2) in base 7?
162404
333044 (base 6) to base 10
27892
Convert -10100121220 (base 3) to base 7.
-363420
7772 (base 16) to base 11
20a79
-11010101001 (base 2) to base 7
-4654
What is -2760 (base 9) in base 16?
-81f
What is -11c4 (base 14) in base 9?
-4237
1336 (base 7) to base 13
30a
-102234 (base 7) to base 16
-44d0
14403 (base 6) to base 13
1086
Convert -1000011001 (base 2) to base 9.
-656
Convert -5541 (base 9) to base 5.
-112322
-101100000011 (base 2) to base 3
-10212102
Convert -283a (base 12) to base 3.
-20101101
What is -3323 (base 4) in base 12?
-18b
-220b (base 13) to base 9
-6450
-3118 (base 13) to base 2
-1101001111101
What is 465 (base 14) in base 13?
522
7 (base 8) to base 12
7
-3223 (base 9) to base 2
-100101000010
65 (base 8) to base 11
49
-503 (base 9) to base 15
-1c3
-1000100101000 (base 2) to base 16
-1128
What is -16557 (base 8) in base 9?
-11302
-2414 (base 9) to base 4
-130003
Convert -1000 (base 6) to base 8.
-330
15719 (base 10) to base 8
36547
Convert -111101100 (base 2) to base 8.
-754
973 (base 16) to base 8
4563
What is -20895 (base 12) in base 6?
-525505
Convert -24304 (base 5) to base 6.
-12245
18 (base 13) to base 2
10101
Convert -12105 (base 9) to base 8.
-17651
Convert 217 (base 8) to base 13.
b0
What is 1233 (base 7) in base 9?
566
Convert 5312 (base 8) to base 14.
1014
What is -411 (base 12) in base 15?
-294
Convert 95 (base 16) to base 8.
225
Convert -56780 (base 9) to base 14.
-dad4
What is 1222012120 (base 3) in base 5?
2220122
What is -1305 (base 8) in base 14?
-389
Convert -444053 (base 6) to base 16.
-9141
What is 366 (base 10) in base 5?
2431
100111111100 (base 2) to base 11
1a14
-1456 (base 8) to base 3
-1010011
Convert 14451 (base 7) to base 6.
30313
Convert 1e3 (base 15) to base 12.
306
What is -45b6 (base 14) in base 16?
-2f54
Convert 1333210 (base 4) to base 5.
230124
-1b77 (base 13) to base 7
-15053
What is 221 (base 4) in base 16?
29
Convert 36000 (base 9) to base 16.
5df9
-547d (base 14) to base 10
-14615
Convert 53710 (base 8) to base 2.
101011111001000
What is -2405 (base 7) in base 8?
-1567
Convert 210000 (base 5) to base 2.
1101011011011
15e (base 15) to base 8
472
-19535 (base 13) to base 14
-13d1d
Convert -302 (base 14) to base 4.
-21032
-21021 (base 3) to base 10
-196
1964 (base 15) to base 13
2668
What is 10231 (base 7) in base 10?
2521
What is -12431 (base 5) in base 11?
-821
What is -30001 (base 5) in base 13?
-b14
Convert 21305 (base 6) to base 5.
43141
Convert 12021010 (base 3) to base 7.
14121
Convert 312020 (base 5) to base 6.
115300
What is -14403 (base 6) in base 13?
-1086
What is 11110011111 (base 2) in base 5?
30301
-727 (base 9) to base 10
-592
-28bc (base 16) to base 9
-15266
What is 34301 (base 6) in base 16?
12fd
Convert -2010323 (base 4) to base 13.
-3b45
What is 352 (base 10) in base 7?
1012
What is 2660 (base 14) in base 15?
1eed
Convert 10000000110 (base 2) to base 8.
2006
262e (base 16) to base 14
37c2
What is -8299 (base 11) in base 6?
-122530
What is -50 (base 16) in base 6?
-212
Convert -26755 (base 9) to base 15.
-5578
What is 297 (base 16) in base 10?
663
Convert -511 (base 7) to base 11.
-210
Convert -289 (base 16) to base 12.
-461
What is -186 (base 10) in base 9?
-226
Convert -2200200 (base 3) to base 15.
-8ac
Convert -20253 (base 7) to base 8.
-11512
-1042 (base 6) to base 7
-464
What is -10010101100 (base 2) in base 15?
-54b
Convert -32303 (base 12) to base 11.
-45730
-20011 (base 5) to base 13
-758
What is -30123 (base 5) in base 9?
-2555
7022 (base 10) to base 15
2132
Convert -31004 (base 5) to base 12.
-11b0
738a (base 14) to base 2
100110111001110
-13453 (base 8) to bas